mmon factor of 36252 and 15219?
171
Calculate the highest common factor of 11 and 11059499.
11
Calculate the highest common factor of 2052 and 53086.
38
What is the greatest common divisor of 35992 and 77?
11
What is the highest common factor of 176279 and 9913?
431
Calculate the greatest common factor of 117204 and 36.
12
What is the greatest common factor of 50490 and 2835?
135
What is the greatest common factor of 406 and 6454?
14
Calculate the highest common factor of 182 and 5684.
14
Calculate the greatest common divisor of 760 and 2751200.
760
Calculate the greatest common factor of 5229 and 6111.
63
Calculate the highest common factor of 226 and 262160.
226
Calculate the highest common factor of 60 and 1520370.
30
Calculate the greatest common factor of 282111 and 28107.
1041
What is the highest common divisor of 610 and 414556?
122
What is the highest common factor of 708 and 588?
12
What is the highest common factor of 691509 and 364?
91
Calculate the greatest common divisor of 1413972 and 126.
126
Calculate the greatest common divisor of 87920 and 144.
16
What is the greatest common divisor of 2436664 and 5630?
1126
Calculate the greatest common divisor of 312 and 1303224.
312
Calculate the greatest common divisor of 1827 and 380799.
261
What is the highest common factor of 12 and 552756?
12
What is the highest common factor of 170 and 11373?
17
What is the greatest common divisor of 22333 and 322?
23
Calculate the greatest common divisor of 1616 and 82176.
16
Calculate the greatest common factor of 10115 and 1318996.
2023
What is the highest common factor of 3500 and 15764?
28
Calculate the greatest common divisor of 36377 and 11.
11
What is the highest common factor of 2430 and 258714?
162
Calculate the greatest common factor of 56 and 41160.
56
What is the greatest common divisor of 192226 and 446?
446
Calculate the highest common factor of 179 and 1032830.
179
What is the highest common factor of 1474 and 8558?
22
What is the highest common factor of 53969 and 87?
29
Calculate the highest common factor of 102654 and 351.
27
Calculate the highest common divisor of 12 and 7062204.
12
Calculate the highest common factor of 2451 and 13167.
57
Calculate the highest common divisor of 20 and 549980.
20
What is the greatest common factor of 28 and 17829?
7
Calculate the greatest common divisor of 10144 and 6023.
317
Calculate the greatest common factor of 594 and 434808.
594
Calculate the highest common factor of 83832 and 18.
6
Calculate the greatest common factor of 46 and 237981.
23
What is the greatest common divisor of 1260 and 122724?
252
Calculate the highest common divisor of 3402 and 1006236.
378
Calculate the highest common divisor of 8 and 14684.
4
What is the highest common divisor of 169 and 351?
13
What is the greatest common divisor of 13456 and 19024?
464
Calculate the greatest common factor of 107446 and 10106.
62
What is the greatest common factor of 306 and 408714?
102
What is the highest common factor of 68464 and 3501?
389
What is the greatest common divisor of 3164 and 2632?
28
Calculate the greatest common factor of 18 and 58398.
6
What is the greatest common factor of 24 and 440120?
8
Calculate the highest common divisor of 9817 and 2.
1
What is the greatest common divisor of 12 and 99732?
12
Calculate the greatest common factor of 3296 and 4932.
4
What is the highest common divisor of 1594 and 32?
2
Calculate the highest common factor of 3583969 and 1811.
1811
Calculate the highest common factor of 72912 and 434.
434
What is the highest common factor of 156 and 22746?
6
What is the greatest common divisor of 1026 and 1151400?
114
What is the greatest common factor of 12 and 1858476?
12
Calculate the highest common factor of 318 and 77963.
53
What is the highest common factor of 1975 and 15247?
79
What is the highest common factor of 4080 and 750?
30
What is the highest common divisor of 632 and 6399?
79
What is the highest common factor of 106091 and 831?
277
Calculate the highest common divisor of 15834 and 46176.
78
What is the highest common factor of 2256 and 20022?
282
Calculate the greatest common factor of 15759 and 334441.
1751
What is the highest common divisor of 423 and 26320?
47
Calculate the greatest common factor of 374416 and 448.
112
What is the highest common divisor of 2022 and 1152?
6
What is the highest common divisor of 43 and 5891?
43
Calculate the greatest common factor of 249 and 10541.
83
Calculate the greatest common divisor of 968 and 5272.
8
Calculate the highest common divisor of 8681798 and 1054.
1054
What is the highest common divisor of 3145 and 1591?
37
What is the greatest common divisor of 4720 and 276415?
295
What is the greatest common divisor of 90786 and 6?
6
Calculate the highest common factor of 486405 and 18.
9
Calculate the highest common divisor of 12832 and 160.
32
What is the greatest common factor of 10 and 88945?
5
Calculate the greatest common factor of 1244326 and 4062.
1354
Calculate the highest common divisor of 3888 and 786348.
972
What is the greatest common divisor of 4524 and 10660?
52
What is the highest common factor of 382885 and 365?
365
What is the highest common factor of 35130 and 330?
30
Calculate the highest common factor of 88 and 1176.
8
What is the greatest common factor of 16637 and 20701?
127
What is the greatest common divisor of 753 and 942003?
753
Calculate the greatest common factor of 3011784 and 536.
536
What is the highest common factor of 250 and 560?
10
What is the greatest common divisor of 504110 and 10?
10
Calculate the greatest common factor of 21209 and 9519.
167
Calculate the greatest common factor of 14425888 and 32.
32
What is the greatest common divisor of 10988 and 2911?
41
What is the highest common factor of 201966 and 1968?
246
Calculate the highest common divisor of 918 and 34527.
51
Calculate the greatest common divisor of 27 and 2144529.
27
Calculate the greatest common factor of 40175 and 150.
25
Calculate the greatest common factor of 31347 and 3.
3
Calculate the highest common factor of 130780 and 260.
260
Calculate the greatest common divisor of 943 and 249280.
41
Calculate the greatest common factor of 1576943 and 38.
19
Calculate the greatest common divisor of 14941 and 12265.
223
Calculate the highest common divisor of 673 and 182383.
673
Calculate the highest common factor of 20184 and 792.
24
What is the highest common factor of 14274 and 474?
6
Calculate the greatest common factor of 12141 and 142.
71
What is the greatest common divisor of 2007 and 497067?
669
What is the highest common factor of 507572 and 454?
454
What is the highest common factor of 69 and 2757?
3
Calculate the greatest common factor of 16813 and 575.
23
Calculate the highest common factor of 50898 and 264.
6
What is the greatest common divisor of 213630 and 45?
15
What is the highest common divisor of 17 and 397069?
17
Calculate the greatest common divisor of 1854238 and 554.
554
Calculate the greatest common divisor of 234 and 35672.
26
Calculate the greatest common divisor of 2051896 and 56.
56
What is the greatest common factor of 539 and 8151?
11
Calculate the highest common factor of 1027 and 4478747.
1027
Calculate the greatest common divisor of 42158 and 31520.
394
Calculate the greatest common divisor of 5015 and 149005.
85
Calculate the greatest common factor of 3944115 and 855.
855
What is the highest common factor of 1064 and 10192?
56
Calculate the greatest common divisor of 34224 and 2622.
138
Calculate the highest common factor of 30330 and 240.
30
What is the greatest common factor of 1276 and 11426?
58
Calculate the highest common factor of 16 and 704432.
16
What is the greatest common divisor of 3 and 3873?
3
What is the highest common factor of 765 and 265965?
255
What is the highest common divisor of 57 and 5246907?
57
Calculate the highest common factor of 82860 and 1080.
60
Calculate the greatest common divisor of 3722495 and 35.
35
Calculate the greatest common divisor of 58 and 2662.
2
Calculate the highest common factor of 2 and 5834.
2
Calculate the greatest common divisor of 136 and 21233.
17
What is the highest common factor of 1326 and 504492?
102
Calculate the highest common factor of 471582 and 16.
2
Calc